 33042151 a composite number?
True
Is 49954 prime?
False
Is 1936711 composite?
True
Is 667393 composite?
True
Is 31964887 a composite number?
False
Is 140089769 a composite number?
True
Is 613704457 prime?
True
Is 108692303 prime?
False
Is 38115383 prime?
False
Is 89782111 a prime number?
True
Is 2757113 a composite number?
True
Is 915181 composite?
False
Is 9544913 prime?
False
Is 19436915 prime?
False
Is 172127 composite?
False
Is 196964087 a prime number?
True
Is 62190841 prime?
True
Is 137931181 a composite number?
True
Is 9799199 composite?
True
Is 106234517 prime?
False
Is 21056791 a composite number?
True
Is 118201579 a prime number?
True
Is 9535421 a composite number?
True
Is 544937 prime?
True
Is 5854889 a composite number?
False
Is 16703601 a prime number?
False
Is 136426919 a composite number?
True
Is 26177893 a prime number?
False
Is 11855243 a composite number?
True
Is 731965687 a prime number?
False
Is 2728931 a composite number?
False
Is 29084039 composite?
True
Is 23458609 a composite number?
False
Is 1979519 a composite number?
True
Is 2872327 composite?
False
Is 5503791 a prime number?
False
Is 14537351 a prime number?
False
Is 6869167 a composite number?
True
Is 6659059 composite?
True
Is 11995001 a composite number?
True
Is 1393559 composite?
False
Is 138898099 a composite number?
False
Is 240940009 a prime number?
False
Is 6678226 prime?
False
Is 1124411 a composite number?
True
Is 15772321 composite?
False
Is 28111847 a composite number?
True
Is 23656207 composite?
False
Is 9365843 composite?
True
Is 134257919 a composite number?
False
Is 6376289 composite?
True
Is 30141061 composite?
True
Is 10770143 a composite number?
True
Is 754487 composite?
True
Is 1434707 a prime number?
True
Is 851044427 a composite number?
False
Is 6036049 composite?
True
Is 97960441 a composite number?
True
Is 28779547 a composite number?
True
Is 608845499 composite?
False
Is 3926523 a prime number?
False
Is 2323406 prime?
False
Is 3502151 a composite number?
False
Is 2565757 prime?
True
Is 652195 prime?
False
Is 746633 a prime number?
False
Is 98586037 a prime number?
False
Is 35694287 a composite number?
False
Is 319795249 prime?
False
Is 4686113 prime?
True
Is 448622201 a prime number?
True
Is 2040817 a prime number?
False
Is 100355389 composite?
False
Is 290753 prime?
False
Is 41712113 composite?
True
Is 303877439 composite?
False
Is 3127511 prime?
False
Is 275699 composite?
False
Is 9010439 prime?
True
Is 1299893 composite?
True
Is 958247657 a composite number?
False
Is 1906679 composite?
True
Is 4448501 a composite number?
False
Is 352661 a composite number?
False
Is 5285393 prime?
False
Is 7182569 prime?
False
Is 5429243 composite?
False
Is 12085781 composite?
False
Is 30033643 composite?
False
Is 13634849 composite?
True
Is 9151897 a prime number?
False
Is 3242831 composite?
False
Is 70209431 a prime number?
False
Is 26918137 prime?
False
Is 73232839 a composite number?
False
Is 34398827 a composite number?
True
Is 31628149 prime?
False
Is 16801493 a prime number?
True
Is 89659849 prime?
False
Is 1352847 a composite number?
True
Is 62095049 a composite number?
False
Is 80039 prime?
True
Is 33397341 composite?
True
Is 47556179 a composite number?
True
Is 69531733 composite?
True
Is 285383891 a prime number?
False
Is 762383 a prime number?
False
Is 45976283 composite?
False
Is 6154927 prime?
True
Is 11127491 prime?
False
Is 18783731 a prime number?
True
Is 32865823 composite?
False
Is 6185321 a composite number?
True
Is 2935591 a composite number?
True
Is 1416719 composite?
True
Is 480129569 a prime number?
True
Is 278359153 composite?
False
Is 11274829 a composite number?
True
Is 477817723 prime?
False
Is 95229487 composite?
False
Is 13508062 composite?
True
Is 59140567 composite?
True
Is 2209169 composite?
False
Is 24453505 prime?
False
Is 22400369 prime?
True
Is 4549634 a composite number?
True
Is 32634793 a prime number?
True
Is 17617247 prime?
True
Is 5659513 prime?
True
Is 32599351 a composite number?
False
Is 62521931 prime?
True
Is 574477 prime?
True
Is 226060577 a prime number?
False
Is 18501403 composite?
False
Is 91339769 composite?
True
Is 1191373 prime?
True
Is 3493571 a prime number?
True
Is 105850187 composite?
True
Is 26356877 prime?
False
Is 557242967 a prime number?
True
Is 334253 a prime number?
False
Is 35454199 composite?
True
Is 155655917 composite?
False
Is 8150357 a prime number?
True
Is 12327221 composite?
False
Is 619481 prime?
False
Is 89290061 a composite number?
True
Is 24288653 composite?
True
Is 13289351 a composite number?
False
Is 163517 composite?
False
Is 92951013 prime?
False
Is 25911577 prime?
True
Is 19689221 a composite number?
False
Is 19072231 prime?
True
Is 2576459 a composite number?
False
Is 3648899 a composite number?
False
Is 28487471 a composite number?
False
Is 26386891 a composite number?
True
Is 208401 composite?
True
Is 1379161 a composite number?
True
Is 4506371 a prime number?
False
Is 16593047 a prime number?
True
Is 5151061 prime?
True
Is 10129439 a composite number?
True
Is 22010237 composite?
True
Is 318994331 a prime number?
True
Is 78817733 a composite number?
True
Is 22922599 a prime number?
False
Is 7119103 prime?
True
Is 90996065 a composite number?
True
Is 155661671 composite?
True
Is 11427239 composite?
False
Is 202549 composite?
False
Is 14521007 prime?
True
Is 1606463 composite?
False
Is 45520221 a composite number?
True
Is 86010313 a composite number?
True
Is 9050267 a prime number?
True
Is 15880385 a prime number?
False
Is 51299009 a prime number?
True
Is 459103 a prime number?
False
Is 96424355 a composite number?
True
Is 1643581 a prime number?
True
Is 4489627 prime?
False
Is 27608617 composite?
False
Is 30820687 prime?
True
Is 2133991 a composite number?
False
Is 8069791 prime?
True
Is 421763249 a composite number?
False
Is 105176443 a composite number?
False
Is 10057543 a prime number?
True
Is 6171209 composite?
True
Is 8841067 a composite number?
True
Is 3241627 prime?
True
Is 1602451 a composite number?
False
Is 24477799 a prime number?
False
Is 266453 prime?
False
Is 493956983 a prime number?
False
Is 22083817 prime?
False
Is 76493 prime?
True
Is 463433 a prime number?
True
Is 77845927 a composite number?
True
Is 448993 a composite number?
False
Is 402121 a composite number?
True
Is 335616907 a composite number?
True
Is 414538711 a prime number?
False
Is 13379911 a composite number?
True
Is 147583127 a composite number?
True
Is 6167327 a composite number?
False
Is 1238519 a prime number?
False
Is 28082401 a prime number?
True
Is 355918183 composite?
True
Is 891461 prime?
False
Is 2293427 a prime number?
True
Is 117445021 a composite number?
False
Is 1856861 a composite number?
False
Is 4045883 a prime number?
True
Is 8173273 a composite number?
True
Is 6798739 prime?
True
Is 624453745 a prime number?
False
Is 155437 a composite number?
True
Is 9359881 composite?
False
Is 2611799 prime?
True
Is 50132101 a composite number?
False
Is 2579287 a composite number?
False
Is 3204247 composite?
False
Is 193617917 a prime number?
False
Is 25771631 composite?
False
Is 12432683 a prime number?
True
Is 108384389 a prime number?
False
Is 139526713 a prime number?
True
Is 47773477 a prime number?
True
Is 513919 prime?
False
Is 12765029 a prime number?
True
Is 35780915 a prime number?
False
Is 10819855 a composite number?
True
Is 32074799 a composite number?
True
Is 294084893 prime?
False
Is 71327447 composite?
False
Is 292296673 prime?
False
Is 50362451 prime?
True
Is 201873367 a prime number?
True
Is 117611743 prime?
True
Is 16832591 composite?
True
Is 3462337 a prime number?
True
Is 31599059 a composite number?
False
Is 152031569 prime?
True
Is 122751803 prime?
True
Is 44882819 a composite number?
False
Is 535685 a prime number?
False
Is 279533 a composite number?
True
Is 125332681 a prime number?
False
Is 541483 a prime number?
True
Is 18013691 prime?
False
Is 155365121 composite?
False
Is 160261547 composite?
True
Is 7160726 prime?
False
Is 52161077 a composite number?
False
Is 7295921 composite?
False
Is 96871907 composite?
True
Is 50055983 composite?
False
Is 101557483 prime?
True
Is 309761 prime?
False
Is 146410543 composite?
False
Is 174137 a composite number?
False
I